eatest common factor of d and 44?
11
Let i = 45 - 31. Let j be -2 - (-4 + -1*(0 + 3)). Suppose -j*h + 3*s = -481, 2*h - 73 = s + 120. What is the greatest common factor of h and i?
14
Suppose -7*o = -v - 5*o + 10, -5*v = o - 50. Calculate the greatest common divisor of 465 and v.
5
Let n = -104 - -167. Suppose 2*x + 3*z + 0*z = 90, 3*x = 4*z + 118. What is the highest common divisor of x and n?
21
Let h(c) = c**3 - 3*c**2 + 8*c - 3. Suppose 0 = -3*m + 5*j + 2, -5*j = -5*m + 10. Let z be h(m). Calculate the highest common factor of 15 and z.
15
Let w(y) = 2*y + 71. Let k be w(-20). Calculate the greatest common factor of 1 and k.
1
Let m(b) = b**2 + b - 2. Let a be m(-3). Suppose 4*v - 24 = 3*q - 3, v - 2*q = a. Let f be 2/v - 16/(-6). Calculate the greatest common factor of 3 and f.
3
Suppose -5*v = -3*t - 19 - 0, 2*v - 19 = 5*t. Let s be (-1 + 2)/t*2*-171. Calculate the highest common divisor of 19 and s.
19
Let c be (117/(-234))/((-1)/8). What is the highest common divisor of 98 and c?
2
Let r(c) = c**3 - 17*c**2 - 9*c - 22. Let y be r(18). Suppose -g + 3*g = 4. Suppose g*z = -3*z + y. Calculate the greatest common factor of z and 28.
28
Let n = -3 - -5. Suppose 40 = -c + n*c. Suppose -2*w = -4*m + 22, -47 = -3*m - 4*w - 3. What is the greatest common divisor of m and c?
8
Suppose 5*j = -4*y + 18, j = -0*j + 2. Suppose -4*x - 2*o = -752, 6*o = -3*x + y*o + 569. What is the greatest common divisor of 17 and x?
17
Suppose -4*f - 4*c = -256, 4*c + 5 = f - 69. Calculate the highest common divisor of f and 30.
6
Suppose 0 = 2*x - 17*x + 450. Calculate the greatest common divisor of 210 and x.
30
Let z be 408/16 + (-13)/(-26). Calculate the highest common divisor of 533 and z.
13
Let n be 384/18 + 2/3. Suppose -9 = -4*l + 2*o + 1, 2*o = -10. Suppose l = m - 1, -2*g - m = -113 + 2. Calculate the greatest common factor of g and n.
11
Suppose p - 4*p + 32 = 4*k, -4*p + 5*k - 9 = 0. Let a = 0 + p. Let b be (-1860)/(-150) + -10 + 2/(-5). What is the greatest common divisor of b and a?
2
Let j be (-440)/25*(-1 - (-6)/(-4)). What is the greatest common factor of 77 and j?
11
Suppose -i = 5*d - 143, 5*i - 222 = -d + 421. Calculate the highest common divisor of 24 and i.
8
Let h be 1 + -1 + 4 - (-9 + 9). Calculate the highest common divisor of 68 and h.
4
Let j = 335 - 38. Calculate the highest common divisor of 81 and j.
27
Let j = -245 + 415. What is the highest common factor of 50 and j?
10
Let k(v) = -8*v + 49. Let d be k(6). What is the greatest common factor of 16 and d?
1
Suppose -4*d = -2*d - 6. Let b = d + 1. Suppose 4*s = l - 0*l - 8, b*s = -4. What is the highest common factor of 8 and l?
4
Let p = -239 + 323. What is the greatest common factor of 378 and p?
42
Let u(o) = -o**2 - 9*o + 13. Let s be (-13)/2 + -1 - 6/4. Let j be u(s). Calculate the greatest common factor of j and 52.
13
Suppose -714*p = -727*p + 59566. What is the highest common factor of p and 158?
158
Let j = 1023 - 991. What is the greatest common factor of j and 1696?
32
Suppose -s - 2*s = 2*m - 20, 6 = 2*m - 4*s. Suppose -28 = 3*p - m. Let h be ((-30)/p)/(9/63). What is the highest common factor of h and 10?
10
Let m be 2079/105 - 8/10. Calculate the highest common divisor of 361 and m.
19
Let c be 579/2 - (-7)/14. Let s = c - 200. Calculate the highest common divisor of 10 and s.
10
Suppose -37 = -2*s + i, 0 = -4*s + 3*s + 4*i + 15. Suppose -5*n = 5*m - 66 - 19, -2*n + 48 = -5*m. What is the highest common divisor of s and n?
19
Suppose -3*r - j + 700 = 0, 7*r - 6*r + 2*j = 230. What is the highest common divisor of 12 and r?
6
Let g(y) = 27*y**3 - y**2 + 2*y - 1. Let l be g(1). Let m be ((-204)/36 - -7)/(12/27). Calculate the greatest common factor of m and l.
3
Suppose 4 = 4*g - 4. Suppose 0 = u - 0*u + 66. Let j be (24/(-36))/(2/u). What is the highest common divisor of j and g?
2
Let p be 1016*(25/(-10) + 2). Let r = p - -1083. Suppose 6*t = t + r. Calculate the highest common factor of t and 23.
23
Let z(q) = 3*q - 84. Let o be z(36). What is the greatest common divisor of o and 108?
12
Let x be 2*(-3)/8 + (-16596)/(-48). What is the highest common factor of x and 15?
15
Let s = 1276 - 1227. What is the highest common factor of 147 and s?
49
Suppose -27*i = -23*i - 5*k - 222, 2*i + 4*k = 124. Suppose -2*b + c + 85 = -378, b + c - 233 = 0. What is the greatest common divisor of b and i?
58
Let v = 54 - -42. Let j = -406 + 418. Calculate the highest common divisor of j and v.
12
Suppose 1176 = 44*i - 30*i. Let p be 1 + 3 - (0 - -1). Suppose p*o - 9 = 27. What is the greatest common factor of o and i?
12
Let i(g) = 35*g**3 - 2*g + 1. Suppose -2*j - 11 = -9*n + 4*n, -5 = n + 2*j. Let y be i(n). Let b = y + -32. Calculate the highest common factor of b and 4.
2
Let z be 261/(-2) - 18/12. Let v be z/16*(-128)/12. Calculate the highest common factor of 8 and v.
8
Suppose 23*x + 1170 = 5*b + 18*x, -4*b = -8*x - 928. Calculate the highest common factor of b and 649.
59
Let u = -22 - -33. Suppose -d + 5*g = 8 - 10, 0 = -5*d + 3*g + 98. What is the highest common divisor of d and u?
11
Let t be (2/(-2))/(3/(-258)*2). Let c = t + -3. Calculate the greatest common divisor of c and 10.
10
Let r = -16 + 19. Suppose -g = 3*n - 19, -r*n + 12 = -7*n. What is the greatest common divisor of 14 and g?
14
Suppose 0 = -4*s + 4*h + 260, 0 = -5*s - 17*h + 19*h + 328. Calculate the greatest common divisor of s and 44.
22
Let r be (-3 + 5)*(-22)/4. Suppose c + 4*c = -2*b + 72, -3 = -3*b. Let q = r + c. Calculate the greatest common factor of q and 27.
3
Suppose -5*q + 501 = -2*z, -5 + 11 = -2*z. Suppose 55 + q = 7*m. Calculate the greatest common divisor of 242 and m.
22
Let k(w) = -w + 9. Let f(y) = -y - 10. Let n be f(-10). Let p be k(n). Calculate the greatest common divisor of 63 and p.
9
Let k(b) be the first derivative of b**2 + 14*b - 9. Let v be k(-6). Suppose 26 = v*l - 4. What is the highest common divisor of 75 and l?
15
Let w = -19 + 29. Suppose 3*j - w*j + 28 = 0. Suppose -j*t = -4*q - 180, 2*q = t + 4*q - 54. Calculate the greatest common divisor of t and 6.
6
Let r(n) = -n + 28. Let u be r(6). Let c be 2 - 3/(-9)*0. Let m be 32 + (3 - c)/1. What is the highest common divisor of u and m?
11
Let x be (-24)/48*32*-3. What is the highest common factor of 64 and x?
16
Let x = 6 - -19. Suppose -214 - 16 = -46*m. What is the highest common factor of x and m?
5
Suppose -6*d = -0*d - 12. Suppose -d*t - 2*t + 24 = 0. Suppose t*c - c - 45 = 0. Calculate the greatest common factor of 6 and c.
3
Let n(i) = i**3 + 16*i**2 + 12*i + 20. Let f be (-6)/(-3)*30/(-4). Let w be n(f). Calculate the highest common divisor of 26 and w.
13
Suppose -8*c + 9*c = 5. Suppose c*t - 4*q - 57 = 2*t, 2*q = -3*t + 39. Calculate the greatest common divisor of t and 3.
3
Suppose 5*p = 9*p - 20. Suppose -p*h = -60 + 5. Suppose 4*f + h = 5*f. Calculate the highest common divisor of f and 121.
11
Let r be (-2)/3*42/(-2). Suppose -u + 5 - 8 = 0, -5*q = u - 137. Calculate the greatest common factor of r and q.
14
Let w = 145 - -111. What is the greatest common divisor of 8 and w?
8
Let c be (-4)/(-26) - 23220/351. Let k be (-6)/(-4)*4/(-6). Let v be 3*k - (-7 + c). What is the highest common divisor of 10 and v?
10
Let x(q) = 6*q - 386*q**2 + 206*q**2 + 197*q**2 + 2 + 2*q**3. Let z be x(-8). What is the greatest common divisor of z and 72?
18
Let h be (-16)/14*((-55)/10 - -2). What is the highest common factor of 4 and h?
4
Let q be 5*(66/(-5))/(-2). Let t(d) = -d. Let k(o) = 3*o + 2. Let j(r) = k(r) + 4*t(r). Let v be j(-9). What is the highest common divisor of v and q?
11
Let f = -36 - -68. Let h(i) = -i**3 - 18*i**2 - 5*i - 42. Let w be h(-18). Calculate the greatest common factor of f and w.
16
Let p be 456/16 + 6/4. Let u(o) = -165*o - 45. Let m(d) = 15*d + 4. Let c(i) = -45*m(i) - 4*u(i). Let z be c(-8). What is the greatest common factor of z and p?
30
Let v be 28/(-8) + (-165)/(-22). Calculate the highest common divisor of 43 and v.
1
Let y be (8 + -9)/((-1)/23). Calculate the greatest common divisor of 2 and y.
1
Let z be 0 + (-2 - 3) - -2. Let h(v) = 3 - 12*v + 5 - 2. Let i be h(z). What is the highest common factor of i and 6?
6
Let s(o) = -o**2 - o**3 + o**2 + 3*o**2 + 0*o**2 + 4*o. Let v be s(3). Let w 